9*w, 0 = 2*x - k*w - 57. Suppose -5*m - 5 = -5*d + 10, 5*m = -d + x. What is the units digit of d?
6
Let n be (1 + 4)/(-2 - -1). Let a be (0 - 1) + (-55)/5. What is the units digit of 6/n*(a + -3)?
8
Suppose 5*b = -4*g + 204, 6 = 2*b - 2. What is the units digit of g?
6
Let v be 4/2 - (3 + -5). What is the units digit of (13 - 1)/v + 17?
0
Let i(b) = -b**3 - b**2 + 3*b - 4. Let v be i(-3). Suppose 2*l - 4*l + 168 = 5*m, v*m + 3*l = 172. What is the units digit of m?
2
Suppose 5*w - b - 460 = 0, 3*w - 3*b - 92 = 2*w. Let z = w + -61. What is the units digit of z?
1
Let x(k) = 2*k**2 - 2*k - 1. Let c be x(2). Suppose -c*g = -4 - 11. What is the units digit of g?
5
Suppose -o + 4*d + d + 8 = 0, -3*o = -3*d. What is the units digit of (-21)/((-3)/o - 3)?
4
Suppose 25 = l - 15. What is the tens digit of l?
4
Let r be (3/2)/((-6)/(-8)). Let p(q) = 11*q**3 + 3*q**2 - q - 5*q**3 - r*q**2. What is the units digit of p(1)?
6
Suppose 2*q - 4 = -0. Suppose 0 = 3*f, -4*f - 11 = -q*i - 3. What is the units digit of i?
4
Let l(y) = -y**3 + 2*y**2 + 2. Let w be 4 - 4/((-4)/(-2)). What is the units digit of l(w)?
2
Suppose -3*y - 174 = -5*i, 0 = 2*i - i + 5*y - 46. What is the tens digit of i?
3
Let o(v) = 5 + 0*v + 2*v - 3*v. Let t(j) = -1. Let i(l) = -2*o(l) - 10*t(l). What is the units digit of i(1)?
2
Let i = 5 + -1. Let r = i + -1. What is the units digit of r?
3
Let i(x) = 6*x**3 - x**2 - x - 32. Let r(o) = -5*o**3 + o**2 + o + 31. Let k(v) = 4*i(v) + 5*r(v). What is the tens digit of k(0)?
2
Let p = -13 + 67. What is the tens digit of p?
5
Let i(h) be the second derivative of h**4/3 - 2*h**3/3 + 3*h**2/2 + 10*h. What is the tens digit of i(3)?
2
Let p(c) = -18*c**3 - 2*c**2 + 1. Let n be -5 + 8 + -2 + 2. Let h be (n - (-1 + 3))/(-1). What is the tens digit of p(h)?
1
Suppose 5*f + 6 = 3*r + 1, f - 21 = 5*r. Let a = -1 - r. Let q = -2 + a. What is the units digit of q?
2
Suppose -o + 1 = -2. Let s be -1 - -3 - (3 + -3). What is the units digit of 1 + s + -5 + o?
1
Let u(y) = -2*y**3 + 2*y**2 - y + 7. Let c(r) = r**3 - 1. Let o(w) = 3*c(w) + u(w). What is the tens digit of o(3)?
4
Let g = 53 - 13. What is the tens digit of g?
4
Let z be -5*(7/(-5) + 0). Let s = z + 1. What is the units digit of s?
8
Let k(y) = 2*y + 5. Let q be k(-6). Let u = q - -27. What is the tens digit of u?
2
Suppose -4*p + 48 = 4*s, 3 + 7 = -2*s. Let b be p/3 + (-4)/6. Suppose 0 = b*y - 10. What is the units digit of y?
2
Let o = 70 + -40. What is the tens digit of o?
3
Suppose -3*y + 3*j = -183 - 477, -5*y + 1100 = 5*j. What is the tens digit of y?
2
Let b = 3 + -20. Let r = 54 + b. What is the units digit of r?
7
Suppose -4*q = -q - 180. What is the tens digit of q?
6
Let c(g) = -2*g**3 - 2*g**2 - g + 1. What is the units digit of c(-3)?
0
Let q(k) = 10*k. Let b be q(-4). Let t = 173 - 117. Let w = b + t. What is the units digit of w?
6
Let d(v) be the first derivative of v**4/4 + 8*v**3/3 - v**2 - 2*v - 1. What is the units digit of d(-8)?
4
Let f(p) = -2*p**3 - p**2 + p. Let h be 18/15 + (-2)/10. Let n be f(h). What is the units digit of 1*2*(-5)/n?
5
Let m(z) = z**2 - 9*z - 5. Let b be m(10). Suppose -5*o - 4*i + 57 = 0, -5*o = b*i - 8*i - 36. What is the units digit of 29/o - (-4)/(-18)?
3
Suppose -11 = 4*t + 1. Let i be 2 + t + (3 - 2). Suppose -2*c = -10, -o + 3*c - 6*c + 16 = i. What is the units digit of o?
1
Let a be 14/35 + 884/(-10). Let p = -52 - a. What is the tens digit of p?
3
Let l(j) = j**2 + 3*j + 8. Let p be 16/(-6)*(-12)/8. Let a(i) = -i**2 - 4*i - 8. Let k(b) = p*a(b) + 5*l(b). What is the units digit of k(0)?
8
Let m(x) = 13*x**2 + x. What is the units digit of m(-1)?
2
Let f be (-6)/((-111)/102 + 1). Suppose -28 - f = -4*o. Suppose -2*l + o = l - 4*k, -3*l - 2*k = -24. What is the units digit of l?
8
Suppose -128 = -5*r + r - 4*h, -20 = 5*h. What is the units digit of r?
6
Let g = -3 + 10. Suppose -5*p = -77 + g. What is the tens digit of p?
1
What is the units digit of (-1 - -28) + (3 - 1)?
9
Let t = -7 + 11. Suppose -t*h = -2*h - f - 43, 115 = 5*h - f. What is the tens digit of h?
2
Suppose -3*v = -4*a - 54, 4*v - 72 = -0*v - 4*a. What is the tens digit of (-174)/(-10) - v/(-30)?
1
What is the hundreds digit of (216 - (1 - -7)) + 3*1?
2
Suppose 3*t + 0 = -3. Let q = 10 + t. What is the units digit of q?
9
Let f = 93 + -20. What is the tens digit of f?
7
Suppose -t = -3*f - 23, -f + 46 = -0*t + 2*t. What is the units digit of t?
3
Let k(b) = -83*b + 2. What is the tens digit of k(-1)?
8
Let x = 12 - 2. Suppose 3*u - x = 17. What is the units digit of (24/18)/(2/u)?
6
Let t = -98 + 118. What is the units digit of t?
0
Let y = -29 + 42. Let c be (1 + y)/(3/3). What is the units digit of (-4)/10 + c/10?
1
Let x = 33 - 7. Suppose -3*a - 5 = -x. What is the units digit of a?
7
Suppose -4*c = -2*x + 122, 0*x - 2*c - 179 = -3*x. What is the units digit of x?
9
Let t(d) = -1 + 12*d - 10 + 1 - d**2. Let w be t(10). Suppose -5*r + w = -3*r. What is the units digit of r?
5
What is the units digit of (-28)/(-35)*(-185)/(-2)?
4
Let o = 21 - -7. What is the tens digit of o?
2
Let u(a) be the first derivative of a**4/24 - a**3/2 + 2*a**2 - 2. Let m(y) be the second derivative of u(y). What is the units digit of m(4)?
1
Let r(f) = f + 0*f + 0 - 8. Let i be r(8). Suppose i = -2*d + 4. What is the units digit of d?
2
Let v(z) = z**3 - 5*z**2 + 5*z + 1. Let w be v(4). Suppose -61 = -4*n + f, 4*n + n - 95 = -5*f. Suppose -a - w + n = 0. What is the tens digit of a?
1
Suppose 3*y + y - 12 = 0. What is the units digit of y?
3
Let h(o) be the second derivative of -o**3/6 + 5*o**2/2 + 4*o. What is the units digit of h(-6)?
1
Let r = 18 + 34. What is the tens digit of r?
5
Suppose 2*t - 404 = -2*t. What is the tens digit of t?
0
Let h be 15/(-35) - 76/(-14). Suppose h*g = 211 - 76. What is the tens digit of g?
2
Suppose -a = -5*a + 344. What is the units digit of a?
6
Let l = -18 - -9. What is the tens digit of 3/l + 104/6?
1
What is the units digit of (3/2)/(69/7636)?
6
Let n(o) = o + 14. What is the units digit of n(12)?
6
Let z = 110 + -52. Let p = z - 27. What is the tens digit of p?
3
Let y(f) = f**3 + 4*f**2 + f + 2. Let s be y(-4). Let l(o) = 2*o**2 + 3*o. Let h be l(s). Suppose 0 = h*n - 4. What is the units digit of n?
2
Let b(y) = 15*y**3 - 2*y + 1. Let u be b(1). Suppose 0 = -4*r + 2*r - u. What is the units digit of ((-2)/(-7))/((-1)/r)?
2
Suppose 0*a - 48 = 6*a. Let t = a + 39. What is the tens digit of t?
3
Let a(o) = -30*o**3 + 11*o**2 - 9*o + 2. Let h(u) = 15*u**3 - 6*u**2 + 5*u - 1. Let j(b) = 6*a(b) + 11*h(b). Let q = -12 + 11. What is the tens digit of j(q)?
1
Suppose 4*x - 14 = 2*x. What is the units digit of x?
7
Let f(s) = 4*s - 1. Let b be f(-2). Let m(x) = x**2 - 3*x - 2. Let j be m(6). Let t = b + j. What is the units digit of t?
7
Let z(u) = -u**3 - u**2 - u + 9. Let i be z(0). Suppose -v + i = -10. What is the tens digit of v?
1
Let s(b) = -b**2 - b - 3. Let u be s(0). Let r be (2/3 + -2)*u. Suppose r*q - 20 = 0, 2*q = -2*z - 3*z + 15. What is the units digit of z?
1
Let m(h) = -h - 11. What is the units digit of m(-12)?
1
Suppose 0 = 4*g + g - 15. Suppose 5 = 2*o - 3*v, v - 4 = -g*v. What is the units digit of o?
4
Let o(y) be the third derivative of -y**5/40 - y**4/12 + y**3/2 - y**2. Let w(h) be the first derivative of o(h). What is the tens digit of w(-4)?
1
Let t = 365 + -37. What is the hundreds digit of t?
3
Let o(d) be the first derivative of -d**4/24 + 5*d**3/6 - 3*d**2/2 + 2. Let c(b) be the second derivative of o(b). What is the units digit of c(-9)?
4
Suppose -5*a + 3*d - 4*d = -243, -3*d = a - 43. What is the tens digit of a?
4
Suppose 0 + 1 = o. What is the units digit of (-4 - -2)*-2*o?
4
Let j(h) = -h + 3. Let p be j(5). Suppose 2*b + 90 = -26. What is the tens digit of (-3)/(p + b/(-32))?
1
Let p be ((64 - 0) + -2)/2. Let d = 50 - p. What is the tens digit of d?
1
Let s = -130 + 204. What is the units digit of s?
4
Suppose -2*a + 2*k = 6, 0 = -2*a + 3*k + 1 - 6. Let j(n) = -n**3 - 4*n**2 - 6*n - 4. What is the units digit of j(a)?
0
Suppose 0 = 5*u - 10, 3*f = 4*f - u - 31. What is the tens digit of f?
3
Let k(z) = z**2 - 4*z + 5. Let w be k(-5). Let v = w - 30. What is the units digit of v?
0
Let x = -2 - -7. Suppose -x*b = -h + 3,